2*o + 3. Let w(s) = -3*i(s) - t(s). Calculate w(b).
15
Let l(c) = c**3 - 9*c**2 - 9*c - 7. Suppose -3*q = -5*o - 45, -4*q + o = -35 - 8. Suppose -3*h + 20 + q = 0. Calculate l(h).
3
Let o(b) be the second derivative of b**5/120 + b**4/6 + 11*b**3/3 + 27*b. Let n(s) be the second derivative of o(s). Give n(0).
4
Let c(y) = y**2 + 7*y + 3. Let l = 28 + -34. Let z(t) = -t. Let s be z(l). Suppose 25 = s*d - 11*d. Calculate c(d).
-7
Let n(o) = 5*o**3 + 3*o**2 - 7*o - 6. Let h(u) = -u**3 + 3*u**2 + 2*u - 3. Let r be h(1). Let g(b) = -b**3 + b + 2. Let x(f) = r*n(f) + 4*g(f). Calculate x(-4).
-2
Suppose 0 = 4*y + 4 + 20. Let b(s) = -4*s - 23 + s + 6 + 8. What is b(y)?
9
Let t(h) = -h**2 - h + 66. Let w be t(8). Let z(g) = g - 1. Determine z(w).
-7
Suppose 8*z - 3*z - x = 35, -3*z + 4*x = -4. Let i(p) = -z - 5*p**2 - 4*p**3 - 5*p + p + 5*p**3 + 0*p. Give i(6).
4
Let i(h) = h - 4. Suppose 78*z - 91*z = 13. What is i(z)?
-5
Let m(q) be the third derivative of -1/60*q**5 + 0*q + 1/6*q**3 + 0*q**4 + 0 - 28*q**2 + 1/120*q**6. Calculate m(-2).
-11
Let a be 3 - (3 + 0) - 6. Let j(t) = -t - 11. Let f be j(-13). Let k(s) = -7*s - s**3 + 4 + 1 + 2 - 5 - 7*s**f. Determine k(a).
8
Let p = -584 + 577. Let k(o) = -o**3 - 7*o**2 + 9. What is k(p)?
9
Let d(s) = 2*s**2 - 16*s + 26. Let m be d(6). Let b(f) = 3*f**3 - 3 + 0 - 9*f**m + 4*f - 4*f**3 + 3*f**2. Calculate b(-7).
18
Let f(w) = w**3 + 7*w**2 - 12*w - 11. Let h be f(-8). Let x = -28 + h. Let n(o) = -o**3 - 8*o**2 - 7*o - 6. What is n(x)?
-6
Let z(x) = 2*x - 12. Let g be z(8). Suppose 0*c + c = -g. Let k(s) = 4*s + 3. Let f(j) = 15*j + 12. Let r(d) = -6*f(d) + 22*k(d). Determine r(c).
2
Let b be -1*(-10 + (-1)/(-1)). Let v(m) = b*m - 13*m + 3*m. Let a = 6 + -4. Determine v(a).
-2
Let c = 6 - 4. Let d(y) = -5*y**2 - 4*y**2 + 10*y**c + 7 - 2*y**2 + 7*y. Let z be d(8). Let r(p) = -2*p**2 - p - 1. Calculate r(z).
-2
Let k(f) = -37*f**2 - 1. Let c(j) = 3*j**2 + 11*j - 5. Let i be c(-4). Determine k(i).
-38
Let l(n) = 3*n. Suppose 109 = -4*j - 51. Let f be 2 - (-3 + j/(-5)). Give l(f).
-9
Let y = -308 - -305. Let c(b) = -2*b**2 - 5*b + 6. Determine c(y).
3
Let q(z) = z - 46. Let m be q(26). Let n be -4 + (-5)/(25/m). Let k(w) = w**3 - w**2 - w - 4. What is k(n)?
-4
Let g(n) = n**2 + 48*n - 107. Let d be g(-50). Let b(k) = -k**2 - 10*k - 9. Determine b(d).
12
Let t(q) = -3*q**2 - 3*q - 4. Let h(d) = -5*d**2 - 7*d - 9. Let w(s) = -3*h(s) + 7*t(s). Let k be -2 - (1 + 2 - 1). Let y be (k/12)/((-2)/6). Determine w(y).
-7
Let j = -46 - -47. Let t(b) = 4*b**2 - 5*b**2 - 4*b - j - 2*b. What is t(-7)?
-8
Let d = 24 - -2. Let a(y) = 0*y + d*y**2 - 27*y**2 + 6*y + 3 + 0*y. What is a(6)?
3
Let g(x) = -7 + x**2 + 52*x - 89*x + 43*x. Let u(y) = -y**3 + 11*y**2 - 31*y - 1. Let c be u(6). Calculate g(c).
0
Let r be (-4 + 8)/(1 - -1). Let j(t) = -t + 6 + t + r*t. Calculate j(-6).
-6
Let g(b) be the third derivative of -b**4/12 + b**3/3 + b**2 - 2*b. Calculate g(8).
-14
Let x = 13 - 16. Let f(g) = 3*g**3 + 7*g**2 - g - 6. Let v(u) = 4*u**3 + 8*u**2 - 2*u - 7. Let t(l) = x*f(l) + 2*v(l). Determine t(-3).
-11
Suppose -67*b - 49 = -74*b. Let r(w) = w**2 - w - 9. Give r(b).
33
Suppose 8*c = 12*c + 12, 0 = -z + 5*c + 21. Let a(w) = 4*w**3 - 6*w + 5*w**2 - 5*w**3 + 2*w**2. Determine a(z).
0
Let r(j) be the third derivative of 0 + 7/24*j**4 - 1/720*j**6 + 0*j**3 + 0*j + 1/40*j**5 + 3*j**2. Let y(p) be the second derivative of r(p). What is y(5)?
-2
Let m(j) = -2 + 4*j**2 + 167*j + j**3 - 168*j - 3. Calculate m(-5).
-25
Let r(s) be the second derivative of -s**3/6 - 10*s**2 + s + 25. What is r(-8)?
-12
Suppose 65*o = -574 + 119. Let l(c) = -3*c + c + 9 + 3*c. Determine l(o).
2
Let m(g) = g - 11. Let o(r) = r - 8. Let d(y) = -5*m(y) + 7*o(y). Let s = -7 + 2. Give d(s).
-11
Let u(q) be the second derivative of -q**5/20 - q**4/4 - q**3/2 - q**2 + 149*q. Let n be (-133)/(-14) + 6/(-4). Let c = 5 - n. Calculate u(c).
7
Let p(m) = -m**3 + 4*m**2 + 4*m - 3. Suppose 15*n + 18 = 12*n. Let q = -2 - n. Let f = 0 + q. What is p(f)?
13
Let z(r) = -r**2 - 6*r + 1. Let f(n) = -n**2 - 7*n. Let m(y) = 2*f(y) - 3*z(y). Suppose -5*j = 4*l - 23, 171*j = -3*l + 168*j + 15. Give m(l).
9
Let o(h) = -h**3 + 4*h**2 - 3*h - 4. Let a = 33 - 41. Let m be (9/(9/a))/2. Let l = 8 + m. Determine o(l).
-16
Let o(b) = 3*b + 7. Let v be o(5). Suppose 2*u - 10 = -3*y, 5*y + 2 = -5*u + v. Let h(t) = -2 + 6*t**u + 5*t**3 - 8*t**2 + 1 + 2. Determine h(1).
4
Let p(u) = -u**3 + 14*u**2 - 25*u + 10. Let y be p(12). Let h(i) = 4*i**3 + 3*i - 5*i - 7*i**3 + 4*i**3. Determine h(y).
-4
Suppose -1 = i, 0 = -u - 3*u + 5*i + 637. Let d(a) = 165 - 3*a**2 + 7*a + a**3 - 4*a**2 - u. Calculate d(6).
13
Suppose 3*o = -0*o + 4*w - 34, 0 = -5*o - 3*w - 18. Let p be 4 - (o + 1 - -3)*1. Let m(v) = 3*v - 9. What is m(p)?
9
Let x(f) be the second derivative of f**3/6 - 7*f**2/2 - 351*f. Let k be (-1 + 1)*4/8. Calculate x(k).
-7
Suppose 0 = 4*f - 9 + 1. Suppose -f*k = -3*k + 1. Let o(r) = 1 - 13 + 11 - 6*r + 0. What is o(k)?
-7
Let v(s) = -s**3 - s - 1. Let q(z) = 4*z**3 - 5*z**2 + 4*z - 1. Let w(a) = q(a) + 3*v(a). Determine w(5).
1
Let x be ((-3)/(-2))/(30/(-40)) + 6. Suppose x*m - 13*m = 0. Let p(y) = y**2 - y + 5. Determine p(m).
5
Let s(j) be the second derivative of -7*j**3/6 - 2*j**2 - j + 25. Calculate s(-6).
38
Let f(x) = 8*x - 42. Let p(l) = -l + 10. Let v(s) = -2*f(s) - 9*p(s). Determine v(-3).
15
Let w = -133 + 138. Let c(h) = h + h**3 + 6 - w + h**2 + 4*h**2 + 4. Calculate c(-5).
0
Suppose 4*q - 2*w = q + 15, -2*q - 2*w = 0. Let j(f) be the second derivative of -1/6*f**4 + 0*f**2 + 1/20*f**5 + 0 + 0*f**3 - 2*f. Give j(q).
9
Let l(c) = 8 - 45*c + 27*c + 19*c. Calculate l(-6).
2
Let q(z) = -9*z**2 - 5*z**3 + 4*z**3 + 0*z**3 - 4 + 10. Suppose -w = 3*w + 36. Let l be q(w). Let g(o) = -o**3 + 5*o**2 + 8*o - 7. Calculate g(l).
5
Suppose s - 27 = 6*s + 3*c, -s = -2*c + 8. Let y be (7 - (1 + 1))*s/5. Let z(w) = 2*w + 4. What is z(y)?
-8
Let o(t) = -t + 4. Let w(r) = 1. Let u = -5 - -3. Let l(n) = u*o(n) + 10*w(n). Suppose p + 18 = -4*y + 1, -3*p - 23 = 5*y. Determine l(y).
-6
Let s(b) = -3*b**3 - b**2 + 1. Let d(o) = -14*o**3 - 11*o**2 + 2*o + 7. Let w(k) = -d(k) + 5*s(k). Give w(5).
13
Suppose 3*h + 0*h = -i + 14, -3*h + 5*i = -2. Let p(b) = -30 + 90 + 4*b - 31 - 32. Determine p(h).
13
Let i(g) = g**2 + g + 1. Let u be i(-3). Suppose 0 = -u*z - 49 + 7. Let w(t) be the third derivative of t**4/12 + 2*t**3/3 + 2*t**2. Calculate w(z).
-8
Let j(y) = -y**2 + 6*y - 3. Let l(h) = -h + 16. Let d be l(0). Suppose 0 = 6*b - d - 14. Suppose s + 12 = 4*q, b*q - 23 - 9 = -3*s. What is j(q)?
5
Suppose 14 = 5*o + c - 2*c, 4*o + 5*c + 12 = 0. Let m be (-2)/5 - (35/(-25))/1. Let t(z) = m - 1 - 2*z + o. Calculate t(-2).
6
Let k(a) = a**3 - 5*a**2 + 7*a - 4. Let j = -547 + 551. What is k(j)?
8
Let h = 36435 + -36434. Let r(y) = -y**2 + 6*y. Let z be r(6). Let v(m) = 3*m - 2*m + z*m + 1. Calculate v(h).
2
Let h(b) be the second derivative of b**6/80 + b**5/60 - 7*b**4/3 - 8*b. Let z(d) be the third derivative of h(d). Give z(2).
20
Let j(s) = -s**2 - 9*s - 10. Let m(r) = -2*r**2 - 42*r - 47. Let g be m(-20). Give j(g).
4
Let x(b) = b - 7. Let t = -261 + 265. Calculate x(t).
-3
Let y be (4/(-8))/(7/(-14)). Let b(g) = -6*g + 1. Give b(y).
-5
Let k(t) = 4*t + 4. Let q(n) = -n - 4. Let c be (0/(-2))/(0 - -1). Let r be q(c). Determine k(r).
-12
Let t(z) = -z**2 + z - 1. Let k(g) = 5*g**2 - 5*g + 2. Let r(f) = -k(f) - 4*t(f). Suppose 6*y - 11*y + 6 = 2*s, 0 = s - 3. What is r(y)?
2
Let p(b) be the second derivative of -b**7/70 + b**5/60 - b**4/24 + 3*b**3/2 - 9*b. Let l(z) be the second derivative of p(z). Calculate l(1).
-11
Let k be (87/6 - 5) + (-5)/10. Let r(p) = -p**2 + 9*p. Determine r(k).
0
Let u(b) = b**3 + 5*b**2 - 7*b + 2. Let o(c) = -c**2 - 22*c - 35. Let t be o(-20). Suppose -t*g - 10 = 2*n - 3, 3*n + 14 = -4*g. What is u(n)?
8
Let d(l) = l**3 + 10*l**2 - 3*l - 21. Let j be 15 - 24/1 - (0 + 1). Determine d(j).
9
Suppose -121 - 15 = -17*b. Let h(s) = -s**3 + 9*s**2 - 10*s + 4. What is h(b)?
-12
Let u(d) = d - d**2 - 2 + d + 0*d + d. Let y be u(2). Let q(m) be the third derivative of -m**5/60 - m**4/24 - 7*m**3/6 + 30*m**2. Give q(y).
-7
Let n = -8 + 5. Suppose -2 - 10 = -3*i. Let f(c) = -4 + 7 + 0*c + i*c. 